{"id":1030,"date":"2023-11-23T21:55:06","date_gmt":"2023-11-23T21:55:06","guid":{"rendered":"https:\/\/amillubi.eus\/quienes-somos\/"},"modified":"2024-11-14T14:34:58","modified_gmt":"2024-11-14T14:34:58","slug":"quienes-somos","status":"publish","type":"page","link":"https:\/\/amillubi.eus\/es\/quienes-somos\/","title":{"rendered":"Qui\u00e9nes somos"},"content":{"rendered":"\n<h2 class=\"wp-block-heading\">\u00bfQui\u00e9nes somos?<\/h2>\n\n\n\n<p class=\"has-custom-color-3-color has-text-color\">El proyecto Amillubi est\u00e1 promovido por <strong>la asociaci\u00f3n Biolur<\/strong>. Siendo esta una asociaci\u00f3n de Gipuzkoa creada en 1993 para el fomento de <strong>la agricultura y la ganader\u00eda ecol\u00f3gica.<\/strong>  <\/p>\n\n\n\n<figure class=\"wp-block-image alignfull size-full\"><img decoding=\"async\" src=\"https:\/\/amillubi.eus\/wp-content\/uploads\/2023\/10\/Slide2.jpg\" alt=\"\" class=\"wp-image-45\"\/><\/figure>\n\n\n\n<p class=\"has-custom-color-3-color has-custom-color-1-background-color has-text-color has-background\">Es una asociaci\u00f3n sin \u00e1nimo de lucro formada por profesionales del sector primario, la ciudadan\u00eda y agentes sociales p\u00fablicos y privados. Los <strong>objetivos principales<\/strong> de Biolur son garantizar la productividad a largo plazo de nuestra tierra a trav\u00e9s de <strong>la agricultura y la ganader\u00eda ecol\u00f3gica,<\/strong> la creaci\u00f3n de alimentos saludables para la sociedad y la promoci\u00f3n de entornos rurales vivos y dignos. <\/p>\n\n\n\n<p class=\"has-custom-color-3-color has-text-color\">Gracias a las colaboraciones desarrolladas por la misma durante su trayectoria se ha creado el <strong><a href=\"https:\/\/amillubi.eus\/es\/miembros-del-grupo-motor\/\" data-type=\"link\" data-id=\"https:\/\/amillubi.eus\/es\/miembros-del-grupo-motor\/\">Grupo Motor de Amillubi<\/a>,<\/strong> que es qui\u00e9n promueve el proyecto. En ella participan personas dedicadas a la ganader\u00eda y a la horticultura, personas no vinculadas al sector y diferentes agentes de Biolur. Es este grupo motor quien est\u00e1 definiendo los proyectos agroecol\u00f3gicos que se desarrollar\u00e1n en Amillubi, es la que est\u00e1 creando la estructura socioecon\u00f3mica y la que aborda el \u00e1mbito comunicativo.   <\/p>\n\n\n\n<p>Es la red de Amillubi, <a href=\"https:\/\/amillubi.eus\/babesleak-2\/\" data-type=\"page\" data-id=\"76\"><strong>nuestra comunidad<\/strong><\/a>, la que impulsa este proyecto. <a href=\"https:\/\/amillubi.eus\/es\/como-apoyar\/\" data-type=\"page\" data-id=\"128\">Apoya y protege Amillubi<\/a>. <strong>\u00a1S\u00e9 Amillubitar!<\/strong><\/p>\n\n\n\n<figure class=\"wp-block-image aligncenter size-large\"><img loading=\"lazy\" decoding=\"async\" width=\"1024\" height=\"195\" src=\"https:\/\/amillubi.eus\/wp-content\/uploads\/2023\/11\/HIRU-LOGOK-BATEA-TRANSPARENTE-1024x195.png\" alt=\"\" class=\"wp-image-226\" srcset=\"https:\/\/amillubi.eus\/wp-content\/uploads\/2023\/11\/HIRU-LOGOK-BATEA-TRANSPARENTE-1024x195.png 1024w, https:\/\/amillubi.eus\/wp-content\/uploads\/2023\/11\/HIRU-LOGOK-BATEA-TRANSPARENTE-300x57.png 300w, https:\/\/amillubi.eus\/wp-content\/uploads\/2023\/11\/HIRU-LOGOK-BATEA-TRANSPARENTE-768x147.png 768w, https:\/\/amillubi.eus\/wp-content\/uploads\/2023\/11\/HIRU-LOGOK-BATEA-TRANSPARENTE.png 1153w\" sizes=\"auto, (max-width: 1024px) 100vw, 1024px\" \/><\/figure>\n\n\n\n<div class=\"wp-block-columns alignfull are-vertically-aligned-bottom is-layout-flex wp-container-core-columns-is-layout-28f84493 wp-block-columns-is-layout-flex\">\n<div class=\"wp-block-column is-vertically-aligned-bottom is-layout-flow wp-block-column-is-layout-flow\"><\/div>\n<\/div>\n","protected":false},"excerpt":{"rendered":"<p>\u00bfQui\u00e9nes somos? El proyecto Amillubi est\u00e1 promovido por la asociaci\u00f3n Biolur. Siendo esta una asociaci\u00f3n de Gipuzkoa creada en 1993 para el fomento de la agricultura y la ganader\u00eda ecol\u00f3gica. Es una asociaci\u00f3n sin \u00e1nimo de lucro formada por profesionales del sector primario, la ciudadan\u00eda y agentes sociales p\u00fablicos y privados. Los objetivos principales de [&hellip;]<\/p>\n","protected":false},"author":2,"featured_media":0,"parent":0,"menu_order":0,"comment_status":"closed","ping_status":"closed","template":"","meta":{"footnotes":""},"class_list":["post-1030","page","type-page","status-publish","hentry"],"_links":{"self":[{"href":"https:\/\/amillubi.eus\/es\/wp-json\/wp\/v2\/pages\/1030","targetHints":{"allow":["GET"]}}],"collection":[{"href":"https:\/\/amillubi.eus\/es\/wp-json\/wp\/v2\/pages"}],"about":[{"href":"https:\/\/amillubi.eus\/es\/wp-json\/wp\/v2\/types\/page"}],"author":[{"embeddable":true,"href":"https:\/\/amillubi.eus\/es\/wp-json\/wp\/v2\/users\/2"}],"replies":[{"embeddable":true,"href":"https:\/\/amillubi.eus\/es\/wp-json\/wp\/v2\/comments?post=1030"}],"version-history":[{"count":2,"href":"https:\/\/amillubi.eus\/es\/wp-json\/wp\/v2\/pages\/1030\/revisions"}],"predecessor-version":[{"id":1100,"href":"https:\/\/amillubi.eus\/es\/wp-json\/wp\/v2\/pages\/1030\/revisions\/1100"}],"wp:attachment":[{"href":"https:\/\/amillubi.eus\/es\/wp-json\/wp\/v2\/media?parent=1030"}],"curies":[{"name":"wp","href":"https:\/\/api.w.org\/{rel}","templated":true}]}}

Quiénes somos

<h2 class="wp-block-heading">¿Quiénes somos?</h2>



<p class="has-custom-color-3-color has-text-color">El proyecto Amillubi está promovido por <strong>la asociación Biolur</strong>. Siendo esta una asociación de Gipuzkoa creada en 1993 para el fomento de <strong>la agricultura y la ganadería ecológica.</strong>  </p>



<figure class="wp-block-image alignfull size-full"><img decoding="async" src="https://amillubi.eus/wp-content/uploads/2023/10/Slide2.jpg" alt="" class="wp-image-45"/></figure>



<p class="has-custom-color-3-color has-custom-color-1-background-color has-text-color has-background">Es una asociación sin ánimo de lucro formada por profesionales del sector primario, la ciudadanía y agentes sociales públicos y privados. Los <strong>objetivos principales</strong> de Biolur son garantizar la productividad a largo plazo de nuestra tierra a través de <strong>la agricultura y la ganadería ecológica,</strong> la creación de alimentos saludables para la sociedad y la promoción de entornos rurales vivos y dignos. </p>



<p class="has-custom-color-3-color has-text-color">Gracias a las colaboraciones desarrolladas por la misma durante su trayectoria se ha creado el <strong><a href="https://amillubi.eus/es/miembros-del-grupo-motor/" data-type="link" data-id="https://amillubi.eus/es/miembros-del-grupo-motor/">Grupo Motor de Amillubi</a>,</strong> que es quién promueve el proyecto. En ella participan personas dedicadas a la ganadería y a la horticultura, personas no vinculadas al sector y diferentes agentes de Biolur. Es este grupo motor quien está definiendo los proyectos agroecológicos que se desarrollarán en Amillubi, es la que está creando la estructura socioeconómica y la que aborda el ámbito comunicativo.   </p>



<p>Es la red de Amillubi, <a href="https://amillubi.eus/babesleak-2/" data-type="page" data-id="76"><strong>nuestra comunidad</strong></a>, la que impulsa este proyecto. <a href="https://amillubi.eus/es/como-apoyar/" data-type="page" data-id="128">Apoya y protege Amillubi</a>. <strong>¡Sé Amillubitar!</strong></p>



<figure class="wp-block-image aligncenter size-large"><img loading="lazy" decoding="async" width="1024" height="195" src="https://amillubi.eus/wp-content/uploads/2023/11/HIRU-LOGOK-BATEA-TRANSPARENTE-1024x195.png" alt="" class="wp-image-226" srcset="https://amillubi.eus/wp-content/uploads/2023/11/HIRU-LOGOK-BATEA-TRANSPARENTE-1024x195.png 1024w, https://amillubi.eus/wp-content/uploads/2023/11/HIRU-LOGOK-BATEA-TRANSPARENTE-300x57.png 300w, https://amillubi.eus/wp-content/uploads/2023/11/HIRU-LOGOK-BATEA-TRANSPARENTE-768x147.png 768w, https://amillubi.eus/wp-content/uploads/2023/11/HIRU-LOGOK-BATEA-TRANSPARENTE.png 1153w" sizes="auto, (max-width: 1024px) 100vw, 1024px" /></figure>



<div class="wp-block-columns alignfull are-vertically-aligned-bottom is-layout-flex wp-container-core-columns-is-layout-28f84493 wp-block-columns-is-layout-flex">
<div class="wp-block-column is-vertically-aligned-bottom is-layout-flow wp-block-column-is-layout-flow"></div>
</div>

<p>¿Quiénes somos? El proyecto Amillubi está promovido por la asociación Biolur. Siendo esta una asociación de Gipuzkoa creada en 1993 para el fomento de la agricultura y la ganadería ecológica. Es una asociación sin ánimo de lucro formada por profesionales del sector primario, la ciudadanía y agentes sociales públicos y privados. Los objetivos principales de [&hellip;]</p>
